 8 + -5. Suppose -a*q = -0*q - 42. Does 13 divide q?
False
Let i be 6 + 0 - (0 + 0). Is (21/i)/(1/6) a multiple of 11?
False
Let l(f) = f**2 - 2. Let q be l(3). Let h = q - 12. Let v = h - -9. Is v even?
True
Suppose -3*o = -2*u + 52, -4*u - 1 + 85 = 4*o. Is u a multiple of 9?
False
Suppose 2*s - 128 = -2*s. Let r(m) = m**2 - 10*m + 24. Let o be r(6). Suppose -2*h - 59 = -5*w + 6, -2*w + 2*h + s = o. Does 11 divide w?
True
Suppose 0 = 3*u + 5 - 2. Let s = u - -1. Suppose s = 5*b + 2*x - 221, 4*x - 2*x = 2*b - 80. Does 15 divide b?
False
Suppose 3*g - 97 = 5*h, h + 31 = 3*g - 82. Is 16 a factor of g?
False
Let o = 83 + -53. Is 3 a factor of o?
True
Suppose -4*t + 4*b - 12 = -76, 4*t - 68 = 2*b. Does 4 divide t?
False
Suppose p = 5*p - 32. Suppose 0 = -2*d + 4*d + h - 7, -3*d - h = -p. Is 9 a factor of d/(-4) + 303/12?
False
Suppose -3*a - 2*y = 0, -a + 0*a + 3*y = 11. Let v be (-13)/(-4) - a/(-8). Is 11 a factor of v*12 - (-3 + 6)?
True
Let a = 58 - 41. Let n = a - 9. Is n a multiple of 8?
True
Let r(n) be the first derivative of 7*n**2/2 + 3*n + 2. Is 13 a factor of r(5)?
False
Let u(k) = 4*k**2 + 0*k**2 - 3 + k**3 + 0 + k. Let z be 68/28 + -2 - 48/14. Is u(z) a multiple of 3?
True
Let d be 16 + 3*3/9. Suppose 37 = 4*m - a, a - 27 - d = -5*m. Is m a multiple of 6?
False
Let d(l) = l**3 + l. Let q be d(0). Suppose 4*v = -q*v. Suppose -w - 3*i + 30 = 0, -5*w - 3*i + 162 = -v*i. Does 11 divide w?
True
Is 15 a factor of 5 + -3 - 13*-1?
True
Suppose 4*z - 16 = -d - 3*d, 20 = 5*z + 4*d. Suppose 2*y = z*y - 82. Does 11 divide y?
False
Suppose -5*g = j + 3 - 7, -4*g = -j + 4. Suppose -5*l = -g*l. Suppose l = 2*b - 7*b + 195. Is 14 a factor of b?
False
Suppose -2*r - 2 - 4 = 0. Let u(h) = 2*h**2 - h - 3. Does 13 divide u(r)?
False
Suppose 2*g - d = 48, -3*g + 0*d = -d - 70. Suppose g = h - 0. Is 11 a factor of h?
True
Let v(h) = -h + 2. Let q be v(-2). Let t(s) = s**2 - 3*s - 1. Let z be t(q). Suppose 0 = z*f - 2*f - 12. Is 6 a factor of f?
True
Let y(s) = s**2 + 3*s - 5. Let r(h) = 4*h. Let a be r(4). Suppose 3*d = -d + a. Is y(d) a multiple of 12?
False
Suppose 4*r = -4, 2*v + 1 + 3 = 2*r. Let q be 3*6 + 3 + v. Let n = -7 + q. Is 11 a factor of n?
True
Suppose -2*f = 1 + 11. Suppose 4*j - 76 = -4*n, -3*n + 16 = j - 39. Let g = n - f. Is g a multiple of 9?
False
Does 5 divide ((-45)/66 + (-2)/(-11))*-38?
False
Let t = 40 - 136. Let z = -50 - t. Is z a multiple of 23?
True
Let a = -31 + 70. Let h = a + -20. Is h a multiple of 13?
False
Let m(g) be the first derivative of -3*g**2/2 + 4*g + 3. Does 17 divide m(-6)?
False
Let j(x) be the first derivative of x**2/2 + 4*x + 1. Let o be 7/(3 - (3 + -1)). Does 8 divide j(o)?
False
Let k(a) = -a**3 + 10*a**2 - 9*a + 2. Is k(8) a multiple of 12?
False
Suppose 20 = 5*v, -2*t - v - 6 = -t. Let o be 2*7/t*-5. Suppose 162 - o = 5*c. Is c a multiple of 23?
False
Suppose 4*q - 15 = -q. Suppose -k + 10 = -q*v, -3*k + 22 + 8 = v. Suppose 5*b + k = 60. Is 4 a factor of b?
False
Let w = -104 + 166. Suppose 5*h - w = -2*g, 4*g = 3*h - 33 - 25. Is h a multiple of 7?
True
Let q(p) = 2*p**2 - 3*p + 7. Is q(3) a multiple of 4?
True
Suppose 7*z = 11*z - 456. Is 10 a factor of z?
False
Is 7 a factor of ((-68)/(-12) + -1)*3?
True
Let d = -43 + 64. Let v = 37 - d. Suppose -28 - v = -2*z. Is 11 a factor of z?
True
Let p = 57 - 32. Let b = p + -22. Is 3 a factor of b?
True
Let h(g) = 2*g**2 + 5*g - 5. Suppose -4*l + 25 = -5*s, -l = -3*l + 10. Let i be -2*(s + (-7)/(-2)). Does 10 divide h(i)?
True
Let l(a) = -a**3 - 6*a**2. Let u be l(-6). Suppose 0*y - 4*y + 20 = u. Suppose y*x = 10, 2*z - 9 = 5*x + 3. Does 11 divide z?
True
Suppose q + 5*t = 94 + 11, 4*q = -t + 401. Does 25 divide q?
True
Suppose -3*d = 3 + 18. Let u = -3 - d. Suppose -12 = u*g - 52. Is g a multiple of 4?
False
Suppose 4*f - 3*u - 86 = 0, -4*u - 32 - 16 = -2*f. Suppose -2*r + 4*s + f = 0, 4*r + s - 34 = 6*s. Is 3 a factor of r?
True
Let c(l) = -l - 11. Let v be c(-11). Suppose 7*b - 9*b + 120 = v. Is 12 a factor of b?
True
Let m(z) = -53*z + 3. Is 27 a factor of m(-3)?
True
Suppose 5*g - 108 = g. Let r = 42 - g. Is 5 a factor of r?
True
Let y = -16 + 25. Suppose -3 - y = -4*k. Suppose k*j - j - 142 = 0. Is 24 a factor of j?
False
Does 5 divide (2/(-3))/(10/(-435))?
False
Let i = 9 - 7. Suppose d + 6 = -5*o + 2*o, 4*d + i*o = 16. Does 6 divide d?
True
Let c = 19 - -3. Is 10 a factor of c?
False
Suppose 3*a + 161 = 2*d, -d + 74 = -5*a + 10*a. Does 11 divide d?
False
Let u(q) = 44*q + 4. Let a(w) = -11*w - 1. Let y(v) = 9*a(v) + 2*u(v). Let k be (-1)/4*1*4. Does 10 divide y(k)?
True
Suppose -3*t + 5*s = s - 511, 326 = 2*t + s. Suppose -5*f - 2*h + t = 2*h, 2*f - 68 = -2*h. Does 18 divide f?
False
Let i = 23 - -27. Is 15 a factor of i?
False
Let p = -5 - -10. Suppose -2*i - 6 = -p*t + 4, -15 = -3*i. Suppose 5*j - 63 = -4*l, -t*j + 4*l + 76 - 4 = 0. Is j a multiple of 7?
False
Let v = -6 - -10. Suppose 0*h = -v*h. Suppose h = l - 4*s - 3, l + 5*s = 6*s + 6. Is 5 a factor of l?
False
Is 6 a factor of 20/(-5) + 8 - -28?
False
Suppose 7*j + 38 = 9*j. Does 3 divide j?
False
Let s be (-4)/18 - (-6417)/81. Let d = 147 - s. Is d a multiple of 33?
False
Suppose 0 = -t - 2*t. Suppose 2*d + 14 = -t. Is 1 + 0 - 119/d a multiple of 9?
True
Let a = -10 - -15. Suppose -3*u + 130 = a*h - 4*u, -2*u = 5*h - 145. Is h a multiple of 23?
False
Let g = 249 + -9. Does 10 divide g?
True
Let q be (84/(-30))/((-3)/(-15)). Let a = -11 - q. Is 2 a factor of a?
False
Suppose -2*d + d - 2*w - 15 = 0, 2*d = -2*w - 22. Let g(i) = -i + 9. Let m be g(d). Suppose -3*f - 8 = -k, -3*k + m = k + 4*f. Is k a multiple of 5?
True
Is (-2 - (-1 - -1))/(72/(-1980)) a multiple of 10?
False
Let m = 5 + -2. Suppose 0 = 3*p + m*g - 276, 3*p + g - 4*g = 288. Suppose 0*x + x = 5*l - p, 0 = 3*x + 12. Is l a multiple of 18?
True
Let d(u) = u**3 - 10*u**2 + 12*u + 6. Is d(9) a multiple of 10?
False
Let g(j) = -j + 8. Suppose 4*u - 13 = -53. Is g(u) a multiple of 5?
False
Let l(k) = -3*k**2 - 3*k - 1. Let d be l(-2). Let x = 39 - d. Is 23 a factor of x?
True
Let r(h) be the second derivative of -h**3/6 + 2*h**2 - h. Let y be r(-3). Suppose 4*b = u - 29, -2*u = -y*u + 2*b + 163. Does 12 divide u?
False
Let l = 253 - 159. Let i = l - 45. Suppose 0 = 2*f - 7 - i. Is 14 a factor of f?
True
Let i(v) = 1. Let h(a) = -3*a + 7. Let b(u) = h(u) - 6*i(u). Let t be b(-1). Suppose 0 = -3*q + 3*c + 84, -3*q + t*c = -0*c - 88. Is q a multiple of 12?
True
Does 25 divide ((-7488)/(-15))/4 - 1/(-5)?
True
Let l(a) = -a**2 - 6*a - 5. Let q(g) = g**3 + 4*g**2 - 4. Let m(s) = -2*s**3 - 8*s**2 + 8. Let p(c) = 3*m(c) + 7*q(c). Let w be p(-4). Is 2 a factor of l(w)?
False
Let d(c) = -8*c - 42. Is 10 a factor of d(-12)?
False
Suppose 0 = a - 6*a + l + 5, -2*a - 15 = 3*l. Let v(d) = 2*d**2 + 1 + 3*d + 2*d + a*d**2. Is v(-4) a multiple of 10?
False
Suppose o - 5*o = -2*a - 28, 4 = 2*o. Is 14 a factor of (-21)/(-35) - 414/a?
True
Let t be (-32)/(-20)*15/6. Suppose 336 = 5*v + 2*z, -3*z = -t*v + 2*z + 282. Is v a multiple of 17?
True
Let d(t) = t**3 - 33*t**2 - 28*t + 19. Does 23 divide d(34)?
False
Let t = -5 - -6. Let a be 2 + -3 + 3 + t. Suppose -12 = -5*k + a*k. Is 3 a factor of k?
True
Let s be 1 + (4 + -8 - -5). Suppose -22 = -x - 3*c, c = s*x - c - 20. Is x a multiple of 7?
False
Let c = 18 + 36. Is c a multiple of 6?
True
Let q = 137 - 130. Let r(h) = h**2 - 2*h**2 + h + 10*h - 7. Is 7 a factor of r(q)?
True
Let r = -2 - -6. Suppose -3*o + 0*h - r*h = -265, -o + 3*h = -84. Does 28 divide o?
False
Let h(y) = -y - 3. Let n be h(6). Let v = n - -12. Is 3 a factor of v?
True
Let a(b) = b**3 + 6*b**2 - 1. Let m be a(-6). Is 28 a factor of (-3)/(118/(-112) - m)?
True
Let w be ((-36)/8 + -1)*-34. Suppose -2*f + w = 43. Is 31 a factor of f?
False
Let h(d) = -3*d**3 - d**2 - 2*d - 1. Suppose -5*f + 2 = 3*b - 0*f, f = -b. Let j be h(b). Suppose 0 = j*q - 5 - 4. Is q even?
False
Suppose 4*y - 5*y = -32. Suppose -3*i - y = -5*i. Does 16 divide i?
True
Let b(g) = 6*g**2 - g + 3. Suppose -u + 3*u = 4. Is 12 a factor of b(u)?
False
Let w(p) = -p**2 + p + 7. Suppose -4*x = o - 105, -5*x + 140 = o + 2*o. Suppose -i - 5*g = -3*i + x, 4*i - 5 = g. Is 6 a factor of w(i)?
False
Suppose y - 88 = 5*w, 3*w - 2*w = y - 72. Is y a multiple of 17?
True
Let w = 15